08 + a. What is the units digit of y?
1
Suppose -64*p = -62*p + 26. Let n be -1 + 4 - (p + 4). Let g(t) = -t**3 + 14*t**2 - 7*t - 28. What is the hundreds digit of g(n)?
1
Suppose -4*w + 40 = 4. Suppose 5*d - 16 = 3*a, -5*d = w*a - 5*a - 37. Suppose -s + d*i = -2*s + 184, 1024 = 5*s - i. What is the hundreds digit of s?
2
Suppose 2*c = 4*k + 4*c - 24, 2*k = 3*c - 4. Let t(o) = -o + 4*o**2 - 3*o + 1 + 13 - 4. What is the tens digit of t(k)?
5
Let t = 154 - 149. Suppose t*i - 495 = -5*k, 0*k = 4*i - k - 406. What is the units digit of i?
1
Suppose 43920 = -14*z + 38*z. Suppose 21*m - 2*x = 26*m - z, 711 = 2*m + 5*x. What is the hundreds digit of m?
3
Suppose 0 = -4*m + 35*m - 5146. Let s = m - -841. What is the tens digit of s?
0
Suppose -123*y + 33327 = -91*y - 48049. What is the thousands digit of y?
2
Let v(k) = -k**2 - 11*k - 15. Let j be v(-9). Suppose 2*f = -j*h + 302, -4*h + 401 = f + 2*f. Suppose o - h = 26. What is the units digit of o?
0
Suppose -50 = q - 124. Suppose -q = -6*g + 7*g. Let n = g + 128. What is the units digit of n?
4
Let b be 5/4 + -3*28/(-48). Suppose 0 = 3*o - f - 2224, -5*f - 718 = -4*o + b*o. What is the units digit of o?
3
Let l = 4827 + -4801. What is the units digit of l?
6
Suppose 0 = 749*s - 771*s + 344938. What is the units digit of s?
9
Let v(m) = m**3 - 13*m**2 + 13*m - 13. Let j be v(12). Let d be -7 + 9 - j/(-1). What is the tens digit of d/(((-10)/82)/(-5))?
4
Let i(d) = 2720*d**3 + 7*d**2 - 5*d. Let q be i(1). Suppose q = 9*k - 2561. What is the hundreds digit of k?
5
Let w(d) = 16*d**2 - 4*d - 21. Let c(i) = -2*i**2 - i - 1. Let v(x) = 5*c(x) + w(x). What is the units digit of v(9)?
9
Let r be -4 + (139 - (0 - 0)). Let g = 50 + r. What is the units digit of g?
5
Suppose -122*f + 120*f = -6. Suppose 6 = 3*c - 3, f*k + c = 1212. What is the tens digit of k?
0
Let f(u) = u**2 - 5. Let k be f(-3). Let z(d) = -k + 3*d**2 + d + 4*d - 3. What is the tens digit of z(4)?
6
What is the tens digit of (17/2 + -8)/((7/61476)/7)?
3
Let m(s) = 73*s**2 + 3*s + 2. Let t = 299 - 301. What is the units digit of m(t)?
8
Let f = -57 + 52. Let u be 114 + (-10)/4 + f/10. Suppose 3*x = -4*p + 329, -115 = -2*x - p + u. What is the units digit of x?
5
Let q(c) be the first derivative of -c**2/2 - 6*c - 26. Let t be q(-12). Suppose 0 = -t*z + 5*z + 167. What is the hundreds digit of z?
1
Let w(v) = -v + 11. Let h be w(-10). Let i be (-25 + h)*10/(-8). Suppose -i*o - 2 + 27 = 0. What is the units digit of o?
5
Let k(l) = 18*l**2 + 43*l - 8. Suppose 0 = 3*f - 5*y + 17, 7*f = 10*f + 2*y + 31. What is the units digit of k(f)?
3
Let p(q) be the third derivative of q**5/60 + q**4/2 + 25*q**3/6 + 4*q**2 + 13*q. What is the units digit of p(0)?
5
What is the units digit of (-1)/(-2 - (2 - 733236/81471) - 5)?
7
Let m = 6938 + -3516. What is the thousands digit of m?
3
Let k(o) = 2*o. Let z(c) = -c**2 + 11*c - 98. Let n(b) = 4*k(b) - z(b). What is the tens digit of n(23)?
5
Let q(f) = 517*f**2 - 2*f + 73. What is the hundreds digit of q(-8)?
1
Let k(f) = -38*f**3 + 4*f**2 - 27*f + 24. Let g be k(1). Suppose -4*w - 2*x + 290 = 0, -5*w + 122 = -x - 251. Let a = w + g. What is the tens digit of a?
3
Let k = 61 + -57. Suppose w - 5*n = 502, w + k*n - 2032 = -3*w. What is the units digit of w?
7
Suppose 2*p - 172223 = 3*n - 67392, n = 4*p - 209687. What is the ten thousands digit of p?
5
Suppose 4*i + 2*j = 20, 4*i - 5*j - 10 = -2*j. Let y = -8 + 8. Suppose -i*h + d + 374 = 0, y*d + 5*d - 455 = -5*h. What is the tens digit of h?
9
Suppose -155 = -21*d + 26*d. Let k = 429 - d. What is the tens digit of k?
6
Let b(h) = -h**3 - 4*h**2 - 9*h - 12. Let w be (-2 - -4) + 2/1. Let n(u) = u**2 - 7*u + 7. Let t be n(w). What is the units digit of b(t)?
8
Let f(k) = 15*k**3 + 7*k**2 - 8*k + 12. Let r be f(4). Suppose -4*o = 3*n - r, -4*o + 3*o = -n + 339. What is the tens digit of n?
4
Suppose -4*f = -5*o - 0*o - 237, o + 186 = 3*f. Let h be 44 + (-5)/(-6 + 1)*-7. Suppose -h*a + 38*a = f. What is the tens digit of a?
6
What is the tens digit of (-110)/(-88) + 70461/12?
7
Let r(t) = 13*t**2 + 13*t + 19. Let a be r(-8). Suppose -16 - 29 = -9*g. Suppose g*n = a - 177. What is the units digit of n?
4
Suppose 0 = 110*w - 113*w + 50487. What is the tens digit of w?
2
Let t = -515 + 545. What is the tens digit of ((-8)/t*-10)/((-2)/(-678))?
0
Suppose 0 = c - 227 + 173. Suppose 0 = 4*j - c*j + 80300. What is the hundreds digit of j?
6
Let f(r) = -r**3 + 5*r**2 + 7*r - 8. Let s be f(5). Let b be 12/20 - (-54)/10. Let p = b + s. What is the units digit of p?
3
Suppose 32*u + 7693 = 39*u. Let t = u + -211. What is the hundreds digit of t?
8
Let d(o) = -o**3 - 54*o**2 + 404*o + 304. What is the ten thousands digit of d(-72)?
6
Suppose -10*f - 59 = -69. Suppose -10 = 2*o, 5*c - o + 24 = 479. Let s = c + f. What is the units digit of s?
1
Let t(c) = 8*c - 64. Let j be t(8). Let r(n) = 35*n + 41. What is the units digit of r(j)?
1
What is the tens digit of 45031 - (60/(-6) - -2)?
3
Let p(c) = c**3 - 5*c**2 + 6. Let b = -52 - -55. Let t be p(b). What is the tens digit of (3/(9/4))/(t/(-270))?
3
Let z = 52570 - 20592. What is the hundreds digit of z?
9
Suppose 15 - 51 = -6*f. Suppose 2*j = -3 + 1, 0 = 4*w + 2*j - f. Suppose 30 + 6 = 2*u - w*x, 0 = -3*u - 3*x + 48. What is the tens digit of u?
1
Let z(j) = -j**3 - 22*j**2 - 39*j + 20. Let i be z(-20). Suppose 2395 = -i*m + 4*m + 5*x, -x - 1 = 0. What is the tens digit of m?
0
What is the units digit of (-220)/495 - 91056/(-27)?
2
Suppose 13811 = 4*b - 8*h + 3*h, 0 = 2*b + 2*h - 6928. Suppose 3*w = -3*j + b, w - 14 = -11. What is the thousands digit of j?
1
Let w(i) = i**3 - 10*i**2 + 2*i - 14. Let p be w(10). What is the hundreds digit of (-1146)/(-54)*p - (-1)/(-3)?
1
What is the hundreds digit of 186*2*1254/72?
4
Suppose 5*h + 52 = -28. Let s(r) = r**3 + 15*r**2 - 17*r - 11. Let o be s(h). Suppose -i = o*f - 912, -5*f + 5*i + 927 = i. What is the tens digit of f?
8
Let x(s) = 68*s - 77. Let w be ((2 - 0)/2)/((-1)/(-6)). What is the tens digit of x(w)?
3
Let s = -19719 - -35593. What is the hundreds digit of s?
8
Suppose -57*c + 99254 = 9251. What is the tens digit of c?
7
Suppose 7*v - 191084 = -5637 - 39245. What is the units digit of v?
6
Let j(a) = 3*a**2 + 7*a + 6. Let h = 59 + -59. Suppose h = 4*t + t + 25. What is the tens digit of j(t)?
4
Suppose 8*f + 27 = 11*f. Let s(t) = -2*t + 22. Let u be s(f). What is the tens digit of 188/4 + u/2?
4
What is the tens digit of (98/21 + (-6)/9 - -2) + 209?
1
What is the thousands digit of (3 - (8 + 4))*(-679 + 4)?
6
What is the ten thousands digit of (1/(-7) - (-3 - (-1968759)/182))*-6?
6
Suppose 22 = 3*p - 32. Suppose -p*w = -z - 21*w + 225, 0 = 3*w. What is the hundreds digit of z?
2
Suppose g + 3838 + 7105 = 2*x, 4*x - 4*g - 21888 = 0. What is the thousands digit of x?
5
What is the tens digit of (-248)/(-186)*(-4 - 102207/(-12))?
5
Let d(s) = -s**2 - 26*s + 37. Let y be d(-26). Let o = -55 + y. What is the tens digit of o/117 + (-6348)/(-26)?
4
Let g(o) = 181*o**2 + 5*o - 89. What is the hundreds digit of g(-6)?
3
Suppose 32897 = 3*b - 4*u, -34101 = -8*b - 5*u + 53546. What is the tens digit of b?
5
Let n(l) = 23*l**3 - 2*l**2 + l + 1. Let u be 7/28 + 123/(-12). Let b(j) = j**2 + 8*j - 19. Let y be b(u). What is the units digit of n(y)?
3
Let a(c) = 13*c + 122. Let u be a(-10). What is the units digit of 33/(-132) + (-1082)/u?
5
Let c(z) be the second derivative of 23*z**3/6 - z**2/2 - 14*z. Let p be c(1). Let u = p + -18. What is the units digit of u?
4
Let f be 4/14 - -2*2265/70. Suppose -n + 28 = j - 6, j + f = 2*n. What is the units digit of n?
3
Let u(t) = -2*t**2 - 3*t + 23. Suppose 3*m = m. Let v be u(m). What is the units digit of 19/38 + v/2?
2
Let z(k) be the first derivative of 5*k**3 + 9*k**2/2 - 41*k - 116. What is the units digit of z(7)?
7
Let h = -197 - -131. Let p = h - -74. Suppose 4*v + 4 = 0, 6*m - p*m + 57 = -3*v. What is the tens digit of m?
2
Let c be (-15)/(1*4/4). Let d = c + -2. Let n(k) = -k + 39. What is the units digit of n(d)?
6
Suppose -5*s = f - 18203, -28*f - 4*s + 54587 = -25*f. What is the tens digit of f?
9
Let q = -117267 + 166150. What is the thousands digit of q?
8
Let c(b) be the first derivative of -1/4*b**4 + 6 + 5/2*b**2 + 9*